on divisor of n and 27.
27
Suppose 3*u = p - 91 + 103, -5*u = -p - 20. Suppose -39*n - 247 + 1456 = p. Let h be (-62)/(-1 + -1) - 0. Calculate the greatest common factor of h and n.
31
Let f = 5676 - -9332. Calculate the highest common factor of f and 804.
268
Let d = -175 - -251. Suppose -3*s + d = 2*x, 0 = s - 2*x + 7*x - 8. Suppose -5*b + o + 68 = 0, 4*b - 41 = 4*o + 7. What is the highest common factor of s and b?
14
Let t = -21 + 51. Let c be (39/9)/(2/6). Suppose 8*f = c*f - 60. What is the highest common divisor of t and f?
6
Suppose -430*w + 29112 = 3312. Calculate the highest common factor of 7780 and w.
20
Let l be (-134)/(-3) - 2/3. Let d be ((-46)/6 + 77/(-11))/((-12)/144). What is the greatest common divisor of d and l?
44
Let o(i) = -2*i**2 + 0 - 116*i - 2 + 90*i. Let x be o(-11). Suppose 47*l - 43*l = 24. What is the greatest common factor of x and l?
6
Let k be (7/2 + -2)/((-6)/(-8)). Let x be 1/(k/(-3)*(-12)/64). Suppose 3*a - x*a + 55 = 0. What is the highest common divisor of a and 121?
11
Let v(g) = 492*g**2 + 299*g + 908. Let r be v(-3). What is the highest common factor of 193 and r?
193
Let c(l) = -3*l**3 + 110*l**2 + 34*l + 139. Let o be c(37). What is the highest common factor of o and 6874?
14
Let g be 184/6*915/122. Calculate the greatest common factor of 90 and g.
10
Let x(y) = 26*y**3 + 21*y**2 + 37*y - 177. Let z be x(4). Calculate the greatest common factor of 1241 and z.
73
Let s(m) = 6*m. Let a be s(-2). Let d be a/20 - (-48)/5. Suppose -b + 75 = 3*w + d, -4*w - 296 = -4*b. What is the greatest common divisor of b and 12?
12
Suppose -2*a = -4*k - 348, -14*a = -18*a + 7*k + 691. Let l(z) = -z**3 + 7*z**2 - 5*z + 2. Let d be l(6). What is the greatest common factor of a and d?
4
Let z(o) = -4*o + 254. Let g be z(-3). Calculate the greatest common divisor of g and 418.
38
Let m be 3*2*(-4)/(-8). Suppose m*g = g + 10. Suppose 2*v + 0*v = g*f + 48, 0 = -2*f - 4. Calculate the greatest common factor of v and 38.
19
Suppose 353*s - 2656 = 21*s. Let x be ((-2)/5)/(2/(-1280)). What is the greatest common divisor of s and x?
8
Suppose 16*r - 19*r + 505 = 5*a, -4*a - 4*r = -396. Calculate the greatest common factor of 5317 and a.
13
Let t be (3/(-6))/(1/52). Let r = -3782 + 3781. Let c be 4 + 3 + t/r. What is the highest common factor of c and 11?
11
Let q = -40 - -11. Let h = 47 - 13. Let r = q + h. Calculate the highest common factor of 5 and r.
5
Let o(r) = -12*r - 68. Let z(u) = -u - 1. Let f(t) = o(t) - 4*z(t). Let k be f(-9). What is the greatest common divisor of k and 6?
2
Let w(t) = t**2 - 7*t - 35. Let g be w(11). Suppose b = g*b - 80. Let p = 7 + -3. Calculate the greatest common factor of p and b.
2
Let i(d) = -755*d - 854. Let f be i(-2). What is the highest common factor of 80 and f?
16
Let c = -128 - -130. Let w(b) = 16*b**2 - 2*b - 4. Let m be w(c). Calculate the greatest common factor of m and 64.
8
Let q = 11 + -7. Let b(n) = -2*n - 1. Let c(r) = 9*r. Let a(i) = -5*b(i) - c(i). Let j be a(-1). Calculate the greatest common divisor of j and q.
4
Suppose -5*c - 2180 = -5*r, -1326 = -10*r + 7*r - 3*c. Let a = r - 316. What is the highest common factor of a and 164?
41
Let v(n) = 38*n - 34. Let b be v(3). Suppose 0 = 7*m + 45 - b. Calculate the highest common factor of 70 and m.
5
Let a be 15/(-35) - (-6 + 2544/(-56)). Calculate the greatest common divisor of a and 30.
3
Let n be 3/5 + 176/40. Suppose -4*o + 89 = -3*z, -5*o = -3*o + 5*z - 77. Let u = o + n. Calculate the greatest common divisor of u and 62.
31
Suppose 15*c = 251 - 41. Let f be c - 10 - (-1 + -7). Calculate the greatest common factor of 36 and f.
12
Let o(c) = -3*c**2 - 328*c + 324. Let r be o(-110). Suppose 25 = 3*q + 1. What is the highest common divisor of q and r?
8
Suppose -4*o + 6506 + 174 = -2*z, 0 = -2*o + 5*z + 3340. What is the greatest common factor of 501 and o?
167
Suppose 62965 + 60545 = 138*i. Calculate the greatest common factor of i and 2864.
179
Let a be -1*(1/(-3))/((-12)/1440). Let k be a/96*-4*3. Calculate the highest common factor of 20 and k.
5
Let q = -26 + 122. What is the greatest common factor of q and 204?
12
Let w be 8 - (9 + (-23 - -1)). Suppose -2*t - 18 = -5*q, -4*q + 2*t - 5 = -19. Let h be q/14 - 672/(-49). Calculate the greatest common divisor of w and h.
7
Let t be (116358/(-24))/(-11) + 125/100. Calculate the greatest common divisor of 234 and t.
26
Let p be 11 + ((-31)/4 - (-621)/(-276)). Calculate the greatest common factor of p and 1261.
1
Let i = 39 - 11. Let l = 29 + i. Suppose 3*p - 3*f = l, 0 = -0*p - 4*p - f + 71. What is the highest common factor of 6 and p?
6
Let m = -169 + 295. Let s(c) = 17*c**2 - 4*c + 6. Let z be s(-4). Calculate the greatest common divisor of z and m.
42
Let y = 518 + -518. Suppose 9*w = 7*w, y = -4*r - 3*w + 48. Calculate the highest common factor of r and 16.
4
Let j(m) = 15*m + 305. Let b be j(-19). What is the highest common divisor of b and 500?
20
Let y(p) = -p**3 + p**2 + 3*p - 5. Let h be y(-4). Suppose 64*d = h*d - 16. Let x = d + 22. Calculate the greatest common divisor of 3 and x.
3
Let x(c) = 63*c - 54. Let n(s) = 64*s - 49. Let j(l) = 2*n(l) - 3*x(l). Let g be j(0). Calculate the highest common factor of 512 and g.
64
Let r(b) = -64*b - 8. Let l be r(-2). Suppose -4*x = -2*x - l. Suppose 0 = -7*t - 17 + 185. What is the greatest common divisor of t and x?
12
Suppose -5*n = -w - 23623, 170*w = 3*n + 173*w - 14181. What is the greatest common divisor of n and 210?
105
Let d = -18 - -21. Let t be -3 + d + (2 - 2). Suppose -9*s + 11 - 2 = t. Calculate the highest common divisor of s and 7.
1
Suppose 141 = 4*h + 5*p, -p + 5 = 4*p. Let o = -28 + h. Suppose 0 = -o*j + 202 + 8. Calculate the greatest common divisor of j and 14.
7
Let j be -18*((-3)/(-9) + (-28)/6). Let u = -50 + j. What is the greatest common divisor of u and 4?
4
Let t be (-15)/(-18)*3*(-1 + 3). Let s(d) = 5*d - 20. Let l be s(t). Suppose 0 = -4*j + 2*j + 50. Calculate the greatest common factor of l and j.
5
Suppose 3*v + 3*s = 810, -4*s + 130 = 2*v - 412. Suppose 4*h - 7*h - 2*a = -v, 2*a - 451 = -5*h. What is the highest common factor of 7 and h?
7
Let l(f) = -2*f**3 + 3*f**2 - 9*f - 8. Let m be l(-7). Let d be ((-20)/14)/(3505/(-29442)). What is the greatest common divisor of d and m?
12
Let v be (37 + (-2 - 1))*1/2. Let z = 1485 - 1128. What is the highest common divisor of v and z?
17
Let i(d) = -d + 15. Let w be i(0). Suppose -w*t - 161 = -22*t. What is the greatest common divisor of 23 and t?
23
Let f(s) be the second derivative of -5*s**3/6 + 79*s**2/2 - 2*s - 130. Let b be f(13). Calculate the greatest common factor of 133 and b.
7
Let q be 36/(-6) - (-2 - 2). Let d be -3 - ((-5)/(-2)*q - 4). Let m be (3 - 30/(-2)) + -3. Calculate the greatest common divisor of d and m.
3
Let f = -53 - -57. Suppose -y = f*y - 525. Suppose 0*q - q + y = 0. What is the greatest common factor of q and 15?
15
Let m be ((-25)/(-6) - 4)*6. Let y(h) = 461*h**2 + h. Let n be y(m). Calculate the highest common factor of n and 42.
42
Let v = -8872 + 8936. What is the highest common factor of 12544 and v?
64
Suppose 0 = -978*a + 611*a + 11010. Let z = 13 - 9. Suppose -3*u + 77 = 2*p, -z*u + u = -5*p + 203. What is the greatest common divisor of p and a?
10
Let c = 33 + -26. Let b be (c/(-21) + 512/6)*-1. Let m be b*(2 - (18/10 - -3)). Calculate the highest common factor of 34 and m.
34
Let j = 246 + -209. Suppose 0 = 3*t + 2*w - j, -t - 7 = -2*t + 2*w. Suppose 0 = -v - 4, -19 = -a - 5*v + 16. Calculate the greatest common factor of t and a.
11
Let i = -108103 - -108109. Let s(u) = 0 - 1 + 25*u + 24*u. Let v be s(1). What is the greatest common factor of v and i?
6
Suppose -80 = -2*y - 3*y. Suppose 0 = -36*j + 38*j - y. Suppose -22*m + j*m = -1540. Calculate the greatest common divisor of m and 10.
10
Let j be (-200)/(-150)*786/4. Let f = 290 - j. Calculate the greatest common divisor of f and 4.
4
Let l(g) = g**3 - 15*g**2 + 12*g + 52. Let z be l(12). Let j = z + 321. Calculate the highest common divisor of 34 and j.
17
Suppose 0*a + a - 120 = 0. Let c be (-14 - 0)*16/32. Let q be 3/c - (-13221)/273. What is the highest common factor of a and q?
24
Suppose h - 2*h - 5*t = -28, -9 = 2*h - 3*t. Suppose 0 = -5*i - 15